me number?
False
Suppose -4*n + 130776 = 20*n. Is n a composite number?
False
Let r(i) = i**3 - 12*i**2 + 10*i - 4. Let l be r(11). Let x be (-2 - (-3054)/l)*-5. Is 36/(-24)*x/(-6) prime?
True
Suppose 2*i = -0*i + 10. Suppose c - i*b + 47 = 314, 992 = 4*c - b. Is c a prime number?
False
Let t(z) = 13*z**2 - 73*z + 9. Is t(11) prime?
False
Suppose -4*d - 3*d = 0. Suppose d*s - 2*s = -6254. Is s a composite number?
True
Suppose -52*r - 2648 = -48*r. Let z = 1143 + r. Is z composite?
True
Suppose b + 2*i + 2*i - 12 = 0, i = 3*b - 10. Let n(m) = -m**3 + 4*m**2 + 2*m - 2. Let g be n(b). Let z(x) = 15*x + 7. Is z(g) a prime number?
True
Let w = 2131 - 1217. Let a = w - 328. Is a a prime number?
False
Is (7724/16)/((-1)/(-12)) prime?
False
Suppose -r + 4 = -j + 2*j, -2*j = 3*r - 11. Suppose 3*t - 4732 = -5*d - 0*t, -2*d = -r*t - 1897. Is d composite?
False
Let b(t) = 3*t**3 - 5*t**2 - 38*t - 5. Is b(8) composite?
False
Let k = 29 + -24. Suppose -k*i - 60 = -5*f, -2*f - f = -5*i - 44. Is (-5 - (4 - f))*-11 prime?
True
Suppose 3*d = -d - 16. Is 891/6 - d/8 a prime number?
True
Suppose -26022 = -10*c - 2692. Is c prime?
True
Let j = 12815 - -5721. Suppose 3*g + 5*g - j = 0. Is g composite?
True
Suppose 4*i = 47040 + 39868. Is i prime?
True
Suppose -4*i = -3*o + 8, 0*o = 2*o - 2*i - 4. Is (80/(-240))/((-1)/6537 + o) composite?
False
Let b(t) = 559*t - 2. Suppose 4*v + 4 = 8. Is b(v) a prime number?
True
Let s(x) = x + 18. Let m be s(-18). Suppose w - 94 - 727 = m. Is w prime?
True
Let c(x) = x**3 - 7*x**2 - 10*x + 10. Let f be c(8). Let h(r) = -2*r**2 + r**2 - 1 + 2*r**2 - 2*r. Is h(f) prime?
True
Let c be 4/10 + 9030/(-75). Let j = 185 + c. Is j prime?
False
Suppose 0 = -3*w + 4*h - 345 + 1552, -2*h = 8. Is w prime?
True
Suppose 17*q + 17934 = 59*q. Is q composite?
True
Is 17266 - (10/(-4))/(5/(-10)) composite?
True
Let s be 1 - 1/(-1)*-5. Let m(t) = -3*t**3 - 3*t**2 + 2*t - 4. Let a be m(s). Suppose -2*p - g = -1002, 2*p = 4*g + 850 + a. Is p a composite number?
False
Let l = -573 - -1368. Let p = 1261 - l. Is p/8 + (-3)/12 a composite number?
True
Let r(u) = u**3 - 13*u**2 - 7*u - 1. Let x be (-2)/(-3) + (-120)/(-9). Is r(x) composite?
False
Let p = 8924 + -6106. Suppose 2*s - 4*v - p = 0, 4*v + 4437 = 5*s - 2578. Is s prime?
True
Let a = -1484 + 4261. Is a composite?
False
Let p be (-5 - 9/(-3))*1. Let d be -3 - (p + 1/1). Is ((-8)/d - 243)*-1 composite?
False
Let z = -53 - -38. Let b be ((-12)/z)/((-3)/(-30)). Let m = 14 - b. Is m a composite number?
True
Let m(b) = 2*b + 2243. Is m(0) prime?
True
Suppose z = -13*m + 16*m + 3853, 4*z = 5*m + 15398. Is z composite?
False
Let j(g) be the first derivative of -g**3/3 + 7*g**2 - 19*g - 1. Let t be j(13). Is 18/12*(-644)/t composite?
True
Is (-1)/(21326/(-3554) + 6) composite?
False
Suppose -5*t + n = -0*n - 17900, 2*n + 17895 = 5*t. Is t composite?
False
Suppose -956 = 5*r + 4*b, r + 5*b + 262 - 54 = 0. Is (0 - r/(-4))/(-1) prime?
True
Suppose -190 = -2*z - 6. Is z - 2/((-2)/3) composite?
True
Let o = 6521 - 3912. Is o composite?
False
Let j(g) = 3 + 8*g - 8*g**2 + 3 + g**3 + 8*g. Let r be j(7). Suppose t + 0*t = r. Is t prime?
False
Let k(o) = 4*o - 1. Let r be k(1). Suppose -5*t + 2*i + 1541 = 0, -2*t + 1547 = r*t - 4*i. Suppose 0 = 9*a - 10*a + t. Is a a composite number?
False
Let l = 66 - 73. Let h(k) = -6*k - 12*k - 8 - 10*k + 23. Is h(l) a composite number?
False
Let s be (7 + -5)*((-27)/6)/(-3). Let u be 122/18 + 2/9. Suppose -u*h + s*h = -268. Is h a prime number?
True
Is (3/3)/(21/231567) prime?
True
Suppose -12360 = -4*a + 4852. Is a a composite number?
True
Let l = -2698 - -842. Let v = -1015 - l. Is v prime?
False
Let o(l) = 136*l + 2. Let c(f) = f**3 - 14*f**2 - 14*f - 18. Let q be c(15). Let d be o(q). Let u = d + 659. Is u a composite number?
True
Suppose p = 4*i + 2623, -2*p = 4*i + 3*p + 2629. Let v = i + 1305. Is v prime?
False
Suppose -20*b + 15*b - 510 = 0. Is 7605/51 + 12/b prime?
True
Let x(n) = 19*n**2 - n + 6*n + 21*n - 53*n**3 + 17 + 52*n**3. Is x(14) composite?
False
Let x be (-1)/(-3) + 2/3. Suppose p = -x + 2. Suppose 2*f = o - 27, 4*f = -p + 9. Is o a prime number?
True
Suppose 2*y + 2*y + 14688 = 0. Is 3/(-15) - y/10 prime?
True
Let c = -15 - -19. Suppose 0*d - 3927 = -3*v + 5*d, 0 = c*v - 5*d - 5231. Is (-1)/(-2*4/v) composite?
False
Let m be (-1 - 59)*(-58)/8. Let g = m - 104. Is g prime?
True
Let b(h) = 16*h**2 + 6*h + 101. Is b(21) a prime number?
True
Suppose 0 = -0*h - 2*h + 602. Is h composite?
True
Let a(u) = u**2 - 2*u + 8. Let z(d) = d**2 - 2*d + 7. Let c(i) = 3*a(i) - 4*z(i). Let t be c(-5). Is -2 - t - (-4)/(-2) composite?
True
Suppose -98*d + 100*d = -3*k + 34571, -17288 = -d + k. Is d a composite number?
True
Let q(t) = 38*t + 9. Let u(y) = -46 - 83*y + 14*y - 120*y. Let f(a) = -11*q(a) - 2*u(a). Is f(-3) a prime number?
True
Let h be 15/2*((-44)/(-12) + -3). Suppose -1220 = -h*l + 3165. Is l a prime number?
True
Let v(b) = 84*b**3 - 10*b**2 - 16*b + 5. Is v(6) a composite number?
True
Suppose 390*p = 389*p + 9307. Is p prime?
False
Suppose h = -a + 1953, 2*h - 3*a - 1052 = 2834. Is h composite?
False
Suppose -2*j + t = -4, t + 16 = 4*j - 3*t. Suppose 11*b - 14316 - 5935 = j. Is b a composite number?
True
Suppose -d - 790 = 3*g + 2*g, 5*d + 5*g + 3970 = 0. Let u = d + 3812. Is u a composite number?
True
Let a = 235529 - 128682. Is a a composite number?
True
Let y be (-21)/(-35) - 3/5. Suppose 0*u + u = y. Is u/2 + 116 + -3 a prime number?
True
Let i be 0/(0 - 8/(-4)). Suppose -3*o + i*o = -2*a + 908, -o = 0. Is a composite?
True
Suppose 25*i - 41274 = 2651. Is i a composite number?
True
Is -6 + (-1)/1 - (-310086)/21 a composite number?
False
Let m(k) be the second derivative of 13*k**5/20 + k**4/4 - k**2/2 + k. Is m(4) a composite number?
True
Let a(l) = -5*l**2 + 7*l - 8. Let c(s) = s**2 - s + 1. Let y be 1/(-2) + (-70)/(-28). Let k(p) = y*a(p) + 14*c(p). Is k(3) prime?
False
Suppose 3*w + 4*k + 439 + 717 = 0, 4*w + 1578 = 2*k. Suppose 0 = 5*h + 3*g + 1334, -h + 3*g = 4*g + 268. Let v = h - w. Is v a composite number?
False
Suppose -4*o + 93712 = 3*i, -2*o = 3*i - 56689 + 9839. Is o a composite number?
False
Suppose 2*j + 4 = 6*j. Suppose 19 + j = z. Let l = z - -11. Is l composite?
False
Suppose -5*l = z - 2908, -l + 8164 = 2*z + 2303. Is z composite?
True
Suppose -2*s + 8 = 0, -c = -6*c - 2*s + 308. Suppose c*r - 55*r = 1345. Is r a prime number?
True
Suppose 3*w + 3727 = 146560. Is w a composite number?
True
Let j be 7759 - -33 - 1/((-2)/6). Suppose 2*z + j = 7*z. Is z prime?
True
Suppose 54*f - 18732 = 12*f. Is f composite?
True
Suppose 10020 = 3*g + 3*x, 4*g + 7281 - 20645 = -2*x. Is (-12)/(-18)*g/4 a composite number?
False
Let l(x) = -19*x - 5. Let r be l(-11). Suppose 0*w = -4*w + r. Is w composite?
True
Let g = 141 + -120. Suppose -30*f + g*f + 18261 = 0. Is f composite?
False
Suppose 3*n - 54 = -0*n. Let y(u) = n - 19 - u + 42 + 50. Is y(0) a composite number?
True
Let w(q) = 10*q**2 + 10*q + 93. Is w(22) prime?
True
Let s = 20 - 20. Suppose s = -11*j + 10*j + 877. Is j prime?
True
Suppose 13*a - 18*a + 6745 = 0. Is a composite?
True
Let c = 90 - -180. Suppose 0 = 5*l + 1930 - c. Let z = -183 - l. Is z a prime number?
True
Let y = 19 - 20. Is (537/6)/((-3)/(-2) + y) a prime number?
True
Let a(y) = -395*y - 103. Is a(-3) a prime number?
False
Let h(j) = 868*j**2 - 6*j + 25. Is h(-6) a prime number?
False
Let w be 3 - 1 - 2/(-2). Suppose 0 = y + 2*j - 228, 949 = 4*y - 2*j - w. Suppose m + y = 5*m. Is m composite?
False
Is 11865 - (7 + -2 + -3) a composite number?
False
Let y be 4/(-2) + -1 + 4 + 11. Let o(a) = a**3 - 11*a**2 - 11*a - 9. Is o(y) a composite number?
False
Is 6/(-4) + (-14 - (-250842)/4) composite?
True
Suppose -2*r = 4, -3*r + 3205 = 3*a - 14882. Is a prime?
False
Suppose 5*b + 28428 = 4*g + 1211, -3*b = 2*g - 13603. Is g a prime number?
True
Suppose 3*b = r - 297, -2*r + 876 = r - 4*b. Let s be -3 + r/(-3) - -2. Let p = s - -284. Is p a prime number?
False
Suppose -7139 = -10*n - n. Is n prime?
False
Let h = 1596 + -1113. Suppose o = 4*o + h. Is (o + 4)/(2/(-2)) composite?
False
Let l = 43 + 148. Suppose w = -2*h + l, 6*h + 764 = 4*w + h. Is w prime?
True
Is (-6)/8 - 416850/(-120) composite?
True
Let s be -5*(-1)/15*2049. Let a = 